2 - -5. Let s(b) be the third derivative of b**5/60 - b**4/8 + 2*b**3/3 + 8*b**2. Calculate s(n).
4
Suppose h - 3 = -1. Let l(z) = -7 + h + 2 - z - 1. Calculate l(-4).
0
Let j(y) = y**2 + 2*y - 2. Let o be j(1). Let p(i) = -1. Let z(h) = 4*h**3 - 5. Let w(u) = o*z(u) - 6*p(u). Determine w(-1).
-3
Suppose 0 = 3*h + 27 - 24. Let i(o) = o + 5. Let g(w) = w + 6. Let x(n) = 4*g(n) - 5*i(n). Calculate x(h).
0
Let t(f) be the second derivative of f**5/20 + f**3/6 + f**2/2 + f. Suppose -5 = 4*b - 1. Calculate t(b).
-1
Let m(o) be the first derivative of 2*o**2 + 10*o - 2. Let x(c) = c + 3 - 5 + 3. Let g(f) = -m(f) + 3*x(f). Determine g(-3).
-4
Let w(s) = -s - 2. Let y(d) = -2*d**3 - 5*d**2 - 11 + d**3 - 5*d + 8. Let o be y(-3). Determine w(o).
4
Let j(d) be the third derivative of -d**5/60 + 5*d**4/24 - 2*d**3/3 - 8*d**2. Calculate j(3).
2
Let h(l) be the second derivative of -l**4/12 + 2*l**3/3 + 3*l**2/2 - 3*l. Let t be h(5). Let x(i) = 4*i**2 - i + 0 - 2*i**3 - 1 + 3*i**3. Determine x(t).
9
Let a be -3*(4/6 + 0). Let n(z) = -1 + 5 - 5 + z + 0. Calculate n(a).
-3
Let m(y) be the first derivative of -y**4/4 + 4*y**3/3 + 7*y**2/2 - 4*y + 3. Give m(5).
6
Let q(n) = -3 + 2 - 5 - n + 3. Give q(-5).
2
Let a(u) = -8*u**2 + u + 1. Suppose -4 = 2*c - 2. Determine a(c).
-8
Suppose o = -4*m + 1, 3*o + m + 3 = 6. Let k(b) = -6*b**3 - b**2 + 2*b - 1. Give k(o).
-6
Let n be 12/10*10/3. Suppose 2*j - 15 = -5*c, -2*j - 30 = -4*c - 0*j. Let x(d) = -c - d**3 + 4 - 2 + n - d**2. What is x(-2)?
5
Let h(j) = -j**2 - 8*j - 4. Let s be 1 + -15 + (9 - 3). Calculate h(s).
-4
Let l(f) = -2*f**3 - 4*f + 2*f**2 + 3*f + 14*f**3 + 0*f**2. Calculate l(1).
13
Let m be 1/3 - 13/3. Let o(g) = -g**2 - 3*g. Calculate o(m).
-4
Let y(f) = -1. Let i(o) = -o**2 - 6*o + 11. Let d(u) = i(u) + 5*y(u). Calculate d(-5).
11
Let f(x) = -x - 2. Let d be f(-2). Let j be 1/(d + (-3)/9). Let v(r) = r**2 + 6*r + 2. Give v(j).
-7
Let b(c) = c + 2. Suppose 4*p + 4 - 12 = 4*m, 4*p = -2*m + 8. Suppose -3*k = i - 5*k - 7, -5*i - 4*k - 35 = m. Determine b(i).
-1
Let v(t) = t - 1. Let b = -9 + 18. Determine v(b).
8
Let f(o) = 3*o. Let w(i) = -2*i**2 + 11*i + 9. Let j be w(6). Suppose -5*b - 2 = -j*b, -3*b - 2 = m. Give f(m).
3
Let r(t) = -3*t**2 + 2*t. Let b(l) = l**2 - l. Let a(w) = -7*b(w) - 3*r(w). Let c(m) = m**2 + 5*m + 4. Let h be c(-3). Give a(h).
6
Let a(p) = p**2 - 8*p - 3. Let z(c) = -1. Let v be 135/36 + (-1)/(-4). Let f(w) = v*z(w) - a(w). Determine f(7).
6
Let p(t) be the first derivative of 2*t**3/3 - 2*t + 2. Let k(w) be the first derivative of p(w). Let y be ((-1)/3)/(2/6). Calculate k(y).
-4
Let q(s) = -2*s**2 - 4*s + 5. Let m = -4 + -7. Let j = 18 + m. Let z = 3 - j. What is q(z)?
-11
Let x(v) = v**3 + 5*v**2 - 5*v + 7. Let j be 8/(-6)*36/8. Give x(j).
1
Let t(b) = b**3 + 8*b**2 + 11*b + 9. Suppose 0 = 13*r - 6 + 97. What is t(r)?
-19
Let q = 1 + -2. Let d(j) = 2 + 6*j - 11*j**2 + 2 + 2 - 26*j**3. Let n(x) = -5*x**3 - 2*x**2 + x + 1. Let l(a) = 2*d(a) - 11*n(a). Give l(q).
-3
Let o = 27 - 18. Let s be 51/o + 4/(-6). Let d(g) = 5*g**2 - 11*g - 7. Let m(f) = -4*f**2 + 10*f + 6. Let a(c) = s*d(c) + 6*m(c). Give a(-4).
-3
Let h(s) be the second derivative of 0 - s**2 + 1/2*s**3 - 3*s. Give h(3).
7
Let m(h) = 3*h**2 + 9*h + 3. Let b(p) = -4*p**2 - 10*p - 3. Let y(w) = -2*b(w) - 3*m(w). Determine y(-6).
3
Suppose 0 = 3*p + p. Let f(t) = p + 1 - 9*t - 4. Let o(a) = -a. Let l(w) = f(w) - 12*o(w). What is l(2)?
3
Let x(q) = q - 2. Suppose -3*a - 3 = 3*t - 18, 0 = -3*t - 6. What is x(a)?
5
Let w(f) = 0*f**3 - 23*f + 50*f + 4*f**2 - f**3 - 5 - 20*f. Determine w(5).
5
Let k(l) = 5*l**2 + 36*l - 25. Let v(x) = -x**2 - 7*x + 5. Let d(o) = -2*k(o) - 11*v(o). Calculate d(-5).
-5
Let t(g) = 0 - 7 - 2*g + g + 0*g. Let m(i) = -i - 7. Let f(p) = -5*m(p) + 4*t(p). Determine f(-4).
3
Let x(c) = -c. Let p = -28 + 23. Calculate x(p).
5
Suppose -4*s + z = 6*z - 36, 4*z - 36 = -5*s. Suppose -3 = -s*q + 9. Let t(j) = -j - 3 + q - 3. What is t(0)?
-3
Let v(w) be the third derivative of -w**5/60 + w**4/4 + 5*w**3/6 + w**2. Determine v(6).
5
Let f(v) = -2*v**2 - 2*v - 1. Suppose 5*z + 10 = 65. Let x = z + -5. Suppose 2*a = 3*r + 7, 4*a - 4*r - x - 2 = 0. What is f(a)?
-1
Let p(j) = -j**2 + 6*j. Let l(w) = w**2 - 9*w - 5. Let q be l(10). Suppose -5*c + 35 = q*o, 3*c = o - 0*c + 1. Give p(o).
5
Let p(f) = f**2 + f. Let y(a) = 5*a**2 + 11*a + 8. Let q(b) = -4*p(b) + y(b). Let o be q(-6). Let h(n) = 1 + 4*n - 2*n + 1. Determine h(o).
6
Suppose -11*a - 10 = -9*a. Let v(j) = -j**2 - 7*j - 7. Calculate v(a).
3
Let f(t) = 4*t + 4. Let l(h) = -21*h - 18. Let d(n) = -11*f(n) - 2*l(n). Determine d(-8).
8
Let j(z) = -1. Let v(s) = -2*s + 8. Let x(m) = -5*j(m) - v(m). Let w be -1*(2 - (3 - 2)). Let g(h) = h + 1. Let p(r) = w*x(r) - 2*g(r). What is p(-1)?
5
Let b(l) = 14*l - 35. Let o(f) = -5*f + 12. Let c(y) = -3*b(y) - 8*o(y). Give c(7).
-5
Let a(k) = -k**2 + 2*k - 2. Let x(y) = -y**2 + 8*y - 5. Let l = 15 - 8. Let z be x(l). What is a(z)?
-2
Suppose -4*q + 6*q + 4 = 0. Let w(o) be the second derivative of 1/6*o**4 + 3*o + 1/6*o**3 + 1/20*o**5 - o**2 + 0. Calculate w(q).
-4
Let l be 44/6 + (-1)/3. Suppose -3*b - 10 = i, 0 = 2*b + i + l - 0. Let p(o) be the first derivative of -o**3/3 - o**2 - o - 1. What is p(b)?
-4
Suppose 0 = 3*a - 0*s - 3*s - 3, a = 4*s - 5. Let j(u) = 2*u + 2. Calculate j(a).
8
Let r = 23 + -33. Let u be ((-16)/(-40))/(2/r). Let g(p) = 2*p**3 + 2*p**2 - 2*p - 1. Give g(u).
-5
Let q(c) be the third derivative of 0 + c**2 + 0*c + 1/12*c**4 + 0*c**5 + 1/6*c**3 + 1/60*c**6. Suppose -3*f + 2*t = 2*f + 3, 0 = 4*f - t + 3. Give q(f).
-3
Let b(z) = 5*z + 48. Let u be b(-9). Let m(o) = -2*o**2 + 4*o - 1. Calculate m(u).
-7
Let t(p) = -92 + 46 + 44 - 3*p. Calculate t(-1).
1
Let r(m) = m**2 + 4*m - 5. Let s be 9/6*(-8)/(-3). Suppose -3*i - 5*x - 10 = 0, 18 = -s*i - x - x. What is r(i)?
0
Let f(p) = -p + 3*p - 4*p + 3*p. What is f(-6)?
-6
Suppose -4*r + i = -11, -4*r - 3*i = i + 4. Let a(k) be the first derivative of -2*k**2 - 1/4*k**4 + 6*k + r + 5/3*k**3. Determine a(4).
6
Let i(q) = -4*q**3 + 2*q**2 - 6*q + 11. Let o(x) = 3*x**3 - x**2 + 6*x - 10. Let b be (-10)/(-8)*(-1 + -3). Let d(a) = b*o(a) - 4*i(a). What is d(4)?
-2
Let z(x) = -1. Let m(h) = -h + 7. Let a(n) = 6*m(n) + 34*z(n). Let s = 11 + -7. Let i(t) = -5*t + 7. Let c(l) = s*a(l) - 5*i(l). Calculate c(-4).
-7
Let u(m) be the first derivative of -m**2 - 7*m - 4. Suppose -4*c - 3 = 17. Determine u(c).
3
Let l = -28 - -22. Let w(o) = -9*o + 5. Let d(y) = -2*y + 1. Let i(c) = l*w(c) + 26*d(c). Suppose -10 + 0 = -2*r. Calculate i(r).
6
Let t(s) be the third derivative of s**9/60480 - s**8/4032 + s**7/1008 + s**6/720 - s**5/60 - 2*s**2. Let u(b) be the third derivative of t(b). Give u(4).
5
Let f(t) = -t**2 - t + 7. Suppose -2*i = 2*i. Suppose -m = -i*m - 3. Suppose m*s = s. Determine f(s).
7
Let t(n) be the first derivative of 1/2*n**2 + 4*n - 3. Determine t(0).
4
Let c = 5 - 3. Let z(u) = 2*u + 3 - 5 + c + 3*u**2. What is z(-2)?
8
Suppose -5*h = -4*u - 14 - 34, 0 = 4*h - 2*u - 36. Let n = h - 3. Let w(r) = 11*r + 6. Let a(i) = -5*i - 3. Let x(g) = n*a(g) + 2*w(g). Determine x(-3).
6
Let m(k) = 5*k + 21. Let n be m(-4). Let f(p) = -10*p**2 - p + 1. What is f(n)?
-10
Let x(h) be the third derivative of h**4/24 - 2*h**2. Suppose 4*g - 24 = -4*n, 3*g - 43 + 7 = -5*n. Let u = n - 8. Give x(u).
1
Let y(c) = -4*c**2 + c - 1. Let z(m) = -3*m**2 + 2*m - 1. Let b(n) = 2*y(n) - 3*z(n). What is b(3)?
-2
Let z(r) be the third derivative of -r**5/60 - r**4/12 - r**3/6 - 4*r**2. Determine z(-4).
-9
Let p(a) = -a**3 + 5*a**2 - 6*a + 4. Let x(b) = -b**3 - 7*b**2 - 5*b + 4. Let f be x(-6). Let y be (f/6)/(3/(-36)). Calculate p(y).
-4
Let n(g) = g**3 + 4*g**2 + g - 3. Let z be n(-3). Let v(l) = 4*l - 1. Let s be v(1). Let d(b) = 1 - 8*b**z + b**s - b**3. What is d(1)?
-7
Let z(q) = 3 - 2 + 0*q + 1 + q. Let f be ((-2)/(-2) + 0)*-2. Calculate z(f).
0
Let q(m) = m**3 + 3*m**2 + m + 22. Let x be q(-4). Suppose 5*o - 4*s = -7, -o - 2*o + 9 = 2*s. Let v(b) = 4*b - 1 - 3 + o. Determine v(x).
5
Suppose -3*x = -5*l - 6, -5*x + 4*x = 4*l - 2. Let j(i) be the first derivative of -6*i - 2 + 1/3*i**3 + x*i**2. Give j(-5).
-1
Let d(a) = 3*a - 2. Let v be (1 + (4 - 3))*1. Let j be (-6)/(-6) +